d by 11.
7
Suppose 8*o - 48 = 424. Calculate the remainder when o is divided by 4.
3
Suppose 0 = -4*o + 5*o - 4. Let v = -1 + o. Suppose 2*u = -v*u + 400. What is the remainder when u is divided by 27?
26
Let k(m) = -3*m**2 + 5. Let f be k(5). Let c = f - -42. Let h = -23 - c. What is the remainder when 22 is divided by h?
2
What is the remainder when 40 is divided by (-16)/(-12) + (-88)/(-6)?
8
What is the remainder when -1 + 0 + 462 + 1332/(-222) is divided by 38?
37
Let o be 2/(-15) - (-9016)/120. Suppose -3*v = -6*v + o. Calculate the remainder when (-4 - (1 + -3))*-37 is divided by v.
24
Let w(n) = -101*n + 1. Let m be w(-1). What is the remainder when m/4*(-4)/(-6) is divided by (-36)/8*4/(-3)?
5
Suppose 79 = 9*a + 25. What is the remainder when a is divided by 4?
2
Let c be -9*4/(-12) - -37. Suppose -6*d - 10 = -c. Suppose -2*w - w = x + 7, 0 = 5*x - 2*w - 50. What is the remainder when x is divided by d?
3
Suppose 5*t - 42 = 3*t. Suppose -23*y + 66 = -t*y. Calculate the remainder when y is divided by 14.
5
Let d(u) = -26*u - 122. Let x(l) = 17*l + 81. Let i(v) = 5*d(v) + 7*x(v). What is the remainder when i(-18) is divided by 39?
38
Suppose y + 45 = h, -h - 5*y + 12 = -3. Calculate the remainder when h is divided by 22 + (-12)/20 + 14/(-35).
19
What is the remainder when 611 is divided by (-36 - (-6 + 4))*-1?
33
Suppose 90 = 6*p - p. Suppose -5*h + 167 = -2*z, h = 2*z + 58 - 23. Let r = h - p. What is the remainder when r is divided by 4?
3
Suppose 3*l - 648 = -l. What is the remainder when l is divided by -5 - ((0 - -1) + (-33)/11 - 45)?
36
Suppose 4*m + 4 = -w - 12, -2*w - 3*m - 7 = 0. Let z(j) = -3*j**3 - 4*j**2 - j + 2. Let x be z(w). Calculate the remainder when 81 is divided by 2/(-3) - x/9.
25
Let r(h) = 2*h**2 + 7*h - 9. Let s = -29 - -23. Let o(g) = g + 103. What is the remainder when o(0) is divided by r(s)?
19
Let x = -22 - 1. Let d = 25 + x. Calculate the remainder when 2 is divided by d.
0
Let m be (4/(-6))/(2*(-3)/(-90)). Let v(h) = h**3 + 8*h**2 - 23*h - 23. Calculate the remainder when 68 is divided by v(m).
5
Let u(f) = 4*f**2 + 2*f - 87. Calculate the remainder when u(6) is divided by 7.
6
Let g(l) = -l**3 + 15*l**2 + 15*l + 16. Let o be g(16). Calculate the remainder when ((-204)/15 - 0)*(-5 + o) is divided by 23.
22
Let u(x) = 15*x - 7. Let j(p) = -p + 1. Let h(g) = -2*j(g) - u(g). Let d(r) = 9*r - 4. Calculate the remainder when h(-3) is divided by d(3).
21
Let h = -121 - -135. Let p = 13 - -55. What is the remainder when p is divided by h?
12
Let f(w) = -9*w + 24. Calculate the remainder when 1043 is divided by f(-7).
86
Suppose 2*h = 4*t - 94, t - 36 + 0 = -2*h. Let z = t - 20. What is the remainder when 27 is divided by z?
3
Let m = -6 + 8. Let l = 4 - m. Suppose 3*i = w - 36, 0*i = l*w + 3*i - 99. What is the remainder when w is divided by 16?
13
Suppose -30753 = -18*d + 22509. Calculate the remainder when d is divided by 80.
79
Let x(c) = 2*c**2 + 3*c + 1. Let q = 158 - 120. What is the remainder when q is divided by x(-3)?
8
Let f = -889 - -1263. Calculate the remainder when f is divided by 63.
59
Let n = -61 + 77. Suppose n = 2*w + 6, 5*i = 2*w + 275. Calculate the remainder when i is divided by 15.
12
Let x(r) = r + 5. Let y(p) = -2*p + 20. Let j be y(7). Let a(g) = -g**3 + 7*g**2 - 3*g - 4. Let w be a(j). Calculate the remainder when 75 is divided by x(w).
18
Suppose 68*l - 76*l = -256. What is the remainder when l is divided by 10?
2
Suppose -3*k + 17 = -22. Let q be (-44)/(-16) - 9/12. Suppose -q = -f + 23. What is the remainder when f is divided by k?
12
What is the remainder when 114 is divided by ((-342)/4)/(-3) + 68/136?
27
Suppose 2*h + 29 = 5*k, 3*k + 0*h - 24 = -h. Calculate the remainder when 99/1980 - 399/(-20) is divided by k.
6
Suppose 32 = 5*o - 123. Let i(k) be the second derivative of 3*k**3/2 - k**2/2 + 4*k. Calculate the remainder when o is divided by i(2).
14
Let c be (-20)/(-3) + 2/6. Suppose -71*y + 51*y = 60. Calculate the remainder when 48 is divided by (c/2 - y)*2.
9
Suppose -p + 2*a + 274 = 0, -3*p + 5*a - 89 = -915. What is the remainder when p is divided by 15?
12
Let u(m) = -4*m + 3. Suppose -22 = 2*g - 8. Calculate the remainder when 92 is divided by u(g).
30
Let q = 43 - 49. Let m(c) = -19*c - 22. What is the remainder when m(q) is divided by 19?
16
Let f = 93 - 90. Suppose -f*d + 14*d - 132 = 0. What is the remainder when 57 is divided by d?
9
Let l be 1*(3 + -6) + 34. Let q = l - 2. What is the remainder when q is divided by 10?
9
Let y(l) = -l + 10. Let b be y(-7). Suppose 119 = -10*o + b*o. Calculate the remainder when 46 is divided by o.
12
Suppose -z = -3*h - 2*h - 16, -5*h = z + 24. Let v(u) = -12*u + 26. What is the remainder when v(h) is divided by 19?
17
Suppose 0*t - 36 = -t. Let w = -7019 + 7196. What is the remainder when w is divided by t?
33
Let c(z) = z**2 + 17*z + 71. What is the remainder when 414 is divided by c(-12)?
7
Let o = 398 - 388. Calculate the remainder when 69 is divided by o.
9
Suppose -2*a = -3*w - 6 - 30, a + w - 8 = 0. Calculate the remainder when 251 is divided by a.
11
Let x = -74 + 90. Let g(u) = -22*u + 4. Let m be g(-4). Let j = m - 62. What is the remainder when j is divided by x?
14
Suppose d - 32 = 272. What is the remainder when d is divided by 61?
60
Suppose -3*g = -2*t - 3145, 5*g - 3*t = 539 + 4703. Calculate the remainder when g is divided by 25.
24
Suppose -9*x - x + 1100 = 0. Suppose t = -3*n - 7 + x, 4*n = 5*t - 534. Calculate the remainder when t is divided by 22.
18
Let p = 184 - 163. Calculate the remainder when 50 is divided by p.
8
Let l = 89 + -9. Suppose 5*y = 2*h + 3*h + l, y = 2*h + 12. What is the remainder when y is divided by 7?
6
Let z(b) = 3*b**2 - 1 - b**3 + 9*b - b**2 + 0*b**3. Let v be z(4). Let h(d) = d**2 - 2*d + 4. What is the remainder when h(v) is divided by 5?
2
Suppose -3*j + 153 - 30 = 0. Calculate the remainder when 151 is divided by j.
28
Suppose -42*b + 888 = -18*b. What is the remainder when 51 is divided by b?
14
Let z(f) = -8*f**2 - f + 26. Calculate the remainder when 675 is divided by z(0).
25
Calculate the remainder when 92/6 - 4/(-48)*-4 is divided by 10.
5
Suppose -5*m = -10*m + 15. Suppose g - m*x + 18 = 3*g, 5*x - 14 = 2*g. What is the remainder when 34 is divided by g?
1
Let d = -36 - -38. What is the remainder when 16 is divided by 1/(-2) - (-19)/d?
7
Let v = 855 - 846. Let h be 2/(2 + 16/(-6)). Calculate the remainder when v is divided by (-14)/(-3) - 1/h.
4
Suppose 0 = 5*o + 4 + 1. Calculate the remainder when 45 is divided by (-24)/(-4)*(3 + o).
9
What is the remainder when (-6)/(-33) + 3765/165*1 is divided by 1*(-1 + 0 + 6)?
3
Suppose -132 - 154 = -11*c. Calculate the remainder when 49 is divided by c.
23
Let h = 908 + -777. What is the remainder when h is divided by 38?
17
Let r(y) = 3*y**3 + 2*y**2 + 2 + y - 2*y**2 - y**2 - 2*y. Calculate the remainder when r(2) is divided by 6.
2
What is the remainder when 0 + 498/((-10)/(-5)) is divided by 18?
15
Suppose -5*b - 2*w + 2 = -24, 2*w = -4*b + 22. Suppose -x = -b*n - 99, 2*x - 171 = -0*x - n. Calculate the remainder when x is divided by 30.
27
Let h be (-9 - -7) + 4/1. Suppose -h*z + 25 = 7. Suppose -5*o = -0*o - 130. What is the remainder when o is divided by z?
8
Let u = -12 + 13. What is the remainder when (5/u)/((-8)/(-24)) is divided by (1 - -11)*2/3?
7
Let o(y) = -6*y**2 - 69*y + 110. Let t(x) = -x**2 - 14*x + 22. Let m(d) = 2*o(d) - 11*t(d). Calculate the remainder when 65 is divided by m(13).
14
Let x(l) = 2*l**2 + 27*l + 16. Let t be x(-13). Suppose 132 = t*s + 30. Let g = 7 + 5. Calculate the remainder when s is divided by g.
10
Let u = 846 + -841. Calculate the remainder when 69 is divided by u.
4
Suppose -4*t + 3*d + 2211 = 0, -3*d = 3*t - 2*d - 1642. Suppose -115 = -8*q + t. What is the remainder when q is divided by 17?
15
Let k = -114 + 236. What is the remainder when 377 is divided by k?
11
Let s = -11 - -14. Let u = s + 5. Calculate the remainder when 15 is divided by u.
7
Suppose 220*c = 251*c - 186. Calculate the remainder when 8 is divided by c.
2
Suppose 3*k + k = 5*l - 60, 75 = 5*l - k. What is the remainder when 78 is divided by l?
14
Let a(k) = 57*k**3 + 4*k - 3. What is the remainder when a(1) is divided b